{"id":849,"date":"2022-04-08T08:36:57","date_gmt":"2022-04-08T08:36:57","guid":{"rendered":"https:\/\/pustyzleb.cz\/?page_id=849"},"modified":"2022-04-10T10:10:36","modified_gmt":"2022-04-10T10:10:36","slug":"slovensko","status":"publish","type":"page","link":"https:\/\/pustyzleb.cz\/?page_id=849","title":{"rendered":"Slovensko"},"content":{"rendered":"\n<p>Nejbli\u017e\u0161\u00ed destinac\u00ed pro zahrani\u010dn\u00ed krasov\u00e9 aktivity je samoz\u0159ejm\u011b na v\u00e1pence bohat\u00e9 Slovensko. S&nbsp;jesky\u0148\u00e1\u0159i z&nbsp;nejr\u016fzn\u011bj\u0161\u00edch kout\u016f Slovenska n\u00e1s poj\u00ed dlouhodob\u00e1 p\u0159\u00e1telstv\u00ed, a&nbsp;tak se b\u011bhem let uskute\u010dnila spousta v\u00fdlet\u016f, prodlou\u017een\u00fdch v\u00edkend\u016f nebo \u00fa\u010dast\u00ed na jesky\u0148\u00e1\u0159sk\u00fdch t\u00fddnech.<\/p>\n\n\n\n<figure class=\"wp-block-image size-full\"><img loading=\"lazy\" decoding=\"async\" width=\"503\" height=\"302\" src=\"https:\/\/pustyzleb.cz\/wp-content\/uploads\/2022\/04\/Stratenska.jpg\" alt=\"\" class=\"wp-image-970\" srcset=\"https:\/\/pustyzleb.cz\/wp-content\/uploads\/2022\/04\/Stratenska.jpg 503w, https:\/\/pustyzleb.cz\/wp-content\/uploads\/2022\/04\/Stratenska-300x180.jpg 300w\" sizes=\"auto, (max-width: 503px) 100vw, 503px\" \/><figcaption>Ve Stratensk\u00e9 jeskyni na Slovensku,1996, zleva: J. Holubkov\u00e1, J. Sirotek, I. R\u016f\u017ei\u010dkov\u00e1, M. Holubek, S. Audyov\u00e1, ?, J. Gajdo\u0161\u00edk, L. Ondrouchov\u00e1, T. Ondrouch, P. Merta, ?, le\u017e\u00edc\u00ed: M. Audy (Foto M. Audy)<\/figcaption><\/figure>\n\n\n\n<p>Asi nej\u010dast\u011bj\u0161\u00ed destinac\u00ed byl Slovensk\u00fd kras, kam jsme obvykle jezdili na ja\u0159e v&nbsp;obdob\u00ed kv\u011btnov\u00fdch sv\u00e1tk\u016f, p\u0159\u00edpadn\u011b na Velikonoce.&nbsp; Na\u0161\u00ed z\u00e1kladnou b\u00fdvala zpravidla speleochata v&nbsp;obci Kr\u00e1snohorsk\u00e1 Dlh\u00e1 L\u00faka nedaleko jeskyn\u011b Kr\u00e1snohorsk\u00e1 vyviera\u010dka (Buzg\u00f3).&nbsp;V&nbsp;pr\u016fb\u011bhu t\u011bchto v\u00fdprav jsme nav\u0161t\u00edvili v\u011bt\u0161inu v\u00fdznamn\u011bj\u0161\u00edch lokalit na Silick\u00e9 a Ple\u0161iveck\u00e9 planin\u011b (jeskyn\u011b Domica, \u010certova diera u&nbsp;Domice, Hu\u010diaca vyviera\u010dka (Zug\u00f3), Ponor Ja\u0161teri\u010dieho jazierka, Hru\u0161ovsk\u00e1, propasti Bezodn\u00e1 \u013eadnica, Barazdal\u00e1\u0161, Ve\u013ek\u00e1 Bikfa, Ve\u013ek\u00e1 a&nbsp;Mal\u00e1 \u017domboj, Divia\u010da, Zvonica, Muflon\u00ed, Jelen\u00ed, a dal\u0161\u00ed), tu a&nbsp;tam jsme pomohli s&nbsp;drobn\u00fdmi v\u00fdkopov\u00fdmi pracemi nebo se zapojili do pot\u00e1p\u011b\u010dsk\u00e9ho pr\u016fzkumu Kr\u00e1snohorsk\u00e9 vyviera\u010dky \u010di odtokov\u00e9ho sifonu v&nbsp;Silick\u00e9 \u013eadnici. Pom\u00e1hali jsme tak\u00e9 koleg\u016fm na Skalist\u00e9m potoku.<\/p>\n\n\n\n<figure class=\"wp-block-image size-large is-resized\"><img loading=\"lazy\" decoding=\"async\" src=\"https:\/\/pustyzleb.cz\/wp-content\/uploads\/2022\/04\/Bikfa-724x1024.jpg\" alt=\"\" class=\"wp-image-972\" width=\"674\" height=\"953\" srcset=\"https:\/\/pustyzleb.cz\/wp-content\/uploads\/2022\/04\/Bikfa-724x1024.jpg 724w, https:\/\/pustyzleb.cz\/wp-content\/uploads\/2022\/04\/Bikfa-212x300.jpg 212w, https:\/\/pustyzleb.cz\/wp-content\/uploads\/2022\/04\/Bikfa-768x1087.jpg 768w, https:\/\/pustyzleb.cz\/wp-content\/uploads\/2022\/04\/Bikfa-1085x1536.jpg 1085w, https:\/\/pustyzleb.cz\/wp-content\/uploads\/2022\/04\/Bikfa.jpg 1243w\" sizes=\"auto, (max-width: 674px) 100vw, 674px\" \/><figcaption>P. Cely\u0301 v propasti Ve\u013ek\u00e1 Bikfa, 1995 (Foto Z. Moty\u010dka)<\/figcaption><\/figure>\n\n\n\n<p><span class=\"s1\">V\u00a0roce 1996 byla zorganizov\u00e1na spole\u010dn\u011b s\u00a0Pavlom Ko\u010di\u0161em a\u00a0<a href=\"https:\/\/topas.speleo.cz\/\" target=\"_blank\" rel=\"noreferrer noopener\">ZO \u010cSS 6-17 Topas<\/a> miniv\u00fdprava na Doln\u00fd vrch, b\u011bhem kter\u00e9 byly nav\u0161t\u00edveny propasti Ori\u00e1\u0161, s\u00a0hezk\u00fdm vzdu\u0161n\u00fdm slan\u011bn\u00edm,<span class=\"Apple-converted-space\">\u00a0 <\/span>a\u00a0men\u0161\u00ed propast Bar\u00e1t. S\u00a0ma\u010farsk\u00fdmi jesky\u0148\u00e1\u0159i jsme absolvovali n\u00e1v\u0161t\u011bvu propasti Baglyok Szakad\u00e9ka a\u00a0Alm\u00e1si-barlang. Ve stejn\u00e9m roce prob\u011bhla tak\u00e9 exkurze do Stratensk\u00e9 jaskyn\u011b spojen\u00e1 s\u00a0n\u00e1v\u0161t\u011bvou Dob\u0161insk\u00e9 \u013eadov\u00e9 jaskyn\u011b.<\/span><\/p>\n\n\n\n<figure class=\"wp-block-image size-full\"><img loading=\"lazy\" decoding=\"async\" width=\"504\" height=\"352\" src=\"https:\/\/pustyzleb.cz\/wp-content\/uploads\/2022\/04\/Buzgo.jpg\" alt=\"\" class=\"wp-image-974\" srcset=\"https:\/\/pustyzleb.cz\/wp-content\/uploads\/2022\/04\/Buzgo.jpg 504w, https:\/\/pustyzleb.cz\/wp-content\/uploads\/2022\/04\/Buzgo-300x210.jpg 300w\" sizes=\"auto, (max-width: 504px) 100vw, 504px\" \/><figcaption>P\u0159ed jeskyn\u00ed Kr\u00e1snohorskou (Buzg\u00f3), zleva: L. Ondrouchov\u00e1, V. Kindernay, T. Ondrouch, Z. Moty\u010dka, J. Gajdo\u0161\u00edk, P. Merta, P. Cely\u0301, A. Cel\u00e1, F. Musil, J. Gajdo\u0161\u00edkov\u00e1, 1995 (Foto Z. Moty\u010dka)<\/figcaption><\/figure>\n\n\n\n<p>Zcela specifickou epizodou byla v\u00a0srpnu 2008 \u00fa\u010dast na <a href=\"https:\/\/pustyzleb.cz\/?p=941\" data-type=\"post\" data-id=\"941\">z\u00e1chrann\u00e9 akci speleopot\u00e1p\u011b\u010d\u016f v\u00a0jeskyni Hu\u010diaca vyviera\u010dka (Zug\u00f3)<\/a>.<\/p>\n\n\n\n<figure class=\"wp-block-image size-full\"><img loading=\"lazy\" decoding=\"async\" width=\"493\" height=\"773\" src=\"https:\/\/pustyzleb.cz\/wp-content\/uploads\/2022\/04\/Certova_diera.jpg\" alt=\"\" class=\"wp-image-975\" srcset=\"https:\/\/pustyzleb.cz\/wp-content\/uploads\/2022\/04\/Certova_diera.jpg 493w, https:\/\/pustyzleb.cz\/wp-content\/uploads\/2022\/04\/Certova_diera-191x300.jpg 191w\" sizes=\"auto, (max-width: 493px) 100vw, 493px\" \/><figcaption>Jeskyn\u011b \u010certova diera, 1997 (Foto Z. Moty\u010dka)<\/figcaption><\/figure>\n","protected":false},"excerpt":{"rendered":"<p>Nejbli\u017e\u0161\u00ed destinac\u00ed pro zahrani\u010dn\u00ed krasov\u00e9 aktivity je samoz\u0159ejm\u011b na v\u00e1pence bohat\u00e9 Slovensko. S&nbsp;jesky\u0148\u00e1\u0159i z&nbsp;nejr\u016fzn\u011bj\u0161\u00edch kout\u016f Slovenska n\u00e1s poj\u00ed dlouhodob\u00e1 p\u0159\u00e1telstv\u00ed, a&nbsp;tak se b\u011bhem let uskute\u010dnila spousta v\u00fdlet\u016f, prodlou\u017een\u00fdch v\u00edkend\u016f nebo \u00fa\u010dast\u00ed na jesky\u0148\u00e1\u0159sk\u00fdch t\u00fddnech. Asi nej\u010dast\u011bj\u0161\u00ed destinac\u00ed byl Slovensk\u00fd kras, kam jsme obvykle jezdili na ja\u0159e v&nbsp;obdob\u00ed kv\u011btnov\u00fdch sv\u00e1tk\u016f, p\u0159\u00edpadn\u011b na Velikonoce.&nbsp; Na\u0161\u00ed z\u00e1kladnou b\u00fdvala &hellip; <\/p>\n<p class=\"link-more\"><a href=\"https:\/\/pustyzleb.cz\/?page_id=849\" class=\"more-link\">Pokra\u010dovat ve \u010dten\u00ed<span class=\"screen-reader-text\"> &#8220;Slovensko&#8221;<\/span><\/a><\/p>\n","protected":false},"author":1,"featured_media":0,"parent":111,"menu_order":0,"comment_status":"closed","ping_status":"closed","template":"","meta":{"footnotes":""},"class_list":["post-849","page","type-page","status-publish","hentry"],"yoast_head":"<!-- This site is optimized with the Yoast SEO plugin v19.10 - https:\/\/yoast.com\/wordpress\/plugins\/seo\/ -->\n<title>Slovensko - ZO \u010cSS 6-25 PUST\u00dd \u017dLEB<\/title>\n<meta name=\"robots\" content=\"index, follow, max-snippet:-1, max-image-preview:large, max-video-preview:-1\" \/>\n<link rel=\"canonical\" href=\"https:\/\/pustyzleb.cz\/?page_id=849\" \/>\n<meta property=\"og:locale\" content=\"cs_CZ\" \/>\n<meta property=\"og:type\" content=\"article\" \/>\n<meta property=\"og:title\" content=\"Slovensko - ZO \u010cSS 6-25 PUST\u00dd \u017dLEB\" \/>\n<meta property=\"og:description\" content=\"Nejbli\u017e\u0161\u00ed destinac\u00ed pro zahrani\u010dn\u00ed krasov\u00e9 aktivity je samoz\u0159ejm\u011b na v\u00e1pence bohat\u00e9 Slovensko. S&nbsp;jesky\u0148\u00e1\u0159i z&nbsp;nejr\u016fzn\u011bj\u0161\u00edch kout\u016f Slovenska n\u00e1s poj\u00ed dlouhodob\u00e1 p\u0159\u00e1telstv\u00ed, a&nbsp;tak se b\u011bhem let uskute\u010dnila spousta v\u00fdlet\u016f, prodlou\u017een\u00fdch v\u00edkend\u016f nebo \u00fa\u010dast\u00ed na jesky\u0148\u00e1\u0159sk\u00fdch t\u00fddnech. Asi nej\u010dast\u011bj\u0161\u00ed destinac\u00ed byl Slovensk\u00fd kras, kam jsme obvykle jezdili na ja\u0159e v&nbsp;obdob\u00ed kv\u011btnov\u00fdch sv\u00e1tk\u016f, p\u0159\u00edpadn\u011b na Velikonoce.&nbsp; Na\u0161\u00ed z\u00e1kladnou b\u00fdvala &hellip; Pokra\u010dovat ve \u010dten\u00ed &quot;Slovensko&quot;\" \/>\n<meta property=\"og:url\" content=\"https:\/\/pustyzleb.cz\/?page_id=849\" \/>\n<meta property=\"og:site_name\" content=\"ZO \u010cSS 6-25 PUST\u00dd \u017dLEB\" \/>\n<meta property=\"article:publisher\" content=\"https:\/\/www.facebook.com\/pustyzleb\" \/>\n<meta property=\"article:modified_time\" content=\"2022-04-10T10:10:36+00:00\" \/>\n<meta property=\"og:image\" content=\"https:\/\/pustyzleb.cz\/wp-content\/uploads\/2022\/04\/Stratenska.jpg\" \/>\n<meta name=\"twitter:card\" content=\"summary_large_image\" \/>\n<meta name=\"twitter:label1\" content=\"Odhadovan\u00e1 doba \u010dten\u00ed\" \/>\n\t<meta name=\"twitter:data1\" content=\"2 minuty\" \/>\n<script type=\"application\/ld+json\" class=\"yoast-schema-graph\">{\"@context\":\"https:\/\/schema.org\",\"@graph\":[{\"@type\":\"WebPage\",\"@id\":\"https:\/\/pustyzleb.cz\/?page_id=849\",\"url\":\"https:\/\/pustyzleb.cz\/?page_id=849\",\"name\":\"Slovensko - ZO \u010cSS 6-25 PUST\u00dd \u017dLEB\",\"isPartOf\":{\"@id\":\"https:\/\/pustyzleb.cz\/#website\"},\"datePublished\":\"2022-04-08T08:36:57+00:00\",\"dateModified\":\"2022-04-10T10:10:36+00:00\",\"breadcrumb\":{\"@id\":\"https:\/\/pustyzleb.cz\/?page_id=849#breadcrumb\"},\"inLanguage\":\"cs\",\"potentialAction\":[{\"@type\":\"ReadAction\",\"target\":[\"https:\/\/pustyzleb.cz\/?page_id=849\"]}]},{\"@type\":\"BreadcrumbList\",\"@id\":\"https:\/\/pustyzleb.cz\/?page_id=849#breadcrumb\",\"itemListElement\":[{\"@type\":\"ListItem\",\"position\":1,\"name\":\"Dom\u016f\",\"item\":\"https:\/\/pustyzleb.cz\/\"},{\"@type\":\"ListItem\",\"position\":2,\"name\":\"Zahrani\u010dn\u00ed projekty\",\"item\":\"https:\/\/pustyzleb.cz\/?page_id=111\"},{\"@type\":\"ListItem\",\"position\":3,\"name\":\"Slovensko\"}]},{\"@type\":\"WebSite\",\"@id\":\"https:\/\/pustyzleb.cz\/#website\",\"url\":\"https:\/\/pustyzleb.cz\/\",\"name\":\"ZO \u010cSS 6-25 PUST\u00dd \u017dLEB\",\"description\":\"Pr\u016fzkum jeskyn\u00ed v Moravsk\u00e9m krasu i ve sv\u011bt\u011b\",\"publisher\":{\"@id\":\"https:\/\/pustyzleb.cz\/#organization\"},\"potentialAction\":[{\"@type\":\"SearchAction\",\"target\":{\"@type\":\"EntryPoint\",\"urlTemplate\":\"https:\/\/pustyzleb.cz\/?s={search_term_string}\"},\"query-input\":\"required name=search_term_string\"}],\"inLanguage\":\"cs\"},{\"@type\":\"Organization\",\"@id\":\"https:\/\/pustyzleb.cz\/#organization\",\"name\":\"ZO \u010cSS 6-25 PUST\u00dd \u017dLEB\",\"url\":\"https:\/\/pustyzleb.cz\/\",\"logo\":{\"@type\":\"ImageObject\",\"inLanguage\":\"cs\",\"@id\":\"https:\/\/pustyzleb.cz\/#\/schema\/logo\/image\/\",\"url\":\"https:\/\/pustyzleb.cz\/wp-content\/uploads\/2024\/05\/PZS_LOGO-1.png\",\"contentUrl\":\"https:\/\/pustyzleb.cz\/wp-content\/uploads\/2024\/05\/PZS_LOGO-1.png\",\"width\":250,\"height\":250,\"caption\":\"ZO \u010cSS 6-25 PUST\u00dd \u017dLEB\"},\"image\":{\"@id\":\"https:\/\/pustyzleb.cz\/#\/schema\/logo\/image\/\"},\"sameAs\":[\"https:\/\/www.facebook.com\/pustyzleb\"]}]}<\/script>\n<!-- \/ Yoast SEO plugin. -->","yoast_head_json":{"title":"Slovensko - ZO \u010cSS 6-25 PUST\u00dd \u017dLEB","robots":{"index":"index","follow":"follow","max-snippet":"max-snippet:-1","max-image-preview":"max-image-preview:large","max-video-preview":"max-video-preview:-1"},"canonical":"https:\/\/pustyzleb.cz\/?page_id=849","og_locale":"cs_CZ","og_type":"article","og_title":"Slovensko - ZO \u010cSS 6-25 PUST\u00dd \u017dLEB","og_description":"Nejbli\u017e\u0161\u00ed destinac\u00ed pro zahrani\u010dn\u00ed krasov\u00e9 aktivity je samoz\u0159ejm\u011b na v\u00e1pence bohat\u00e9 Slovensko. S&nbsp;jesky\u0148\u00e1\u0159i z&nbsp;nejr\u016fzn\u011bj\u0161\u00edch kout\u016f Slovenska n\u00e1s poj\u00ed dlouhodob\u00e1 p\u0159\u00e1telstv\u00ed, a&nbsp;tak se b\u011bhem let uskute\u010dnila spousta v\u00fdlet\u016f, prodlou\u017een\u00fdch v\u00edkend\u016f nebo \u00fa\u010dast\u00ed na jesky\u0148\u00e1\u0159sk\u00fdch t\u00fddnech. Asi nej\u010dast\u011bj\u0161\u00ed destinac\u00ed byl Slovensk\u00fd kras, kam jsme obvykle jezdili na ja\u0159e v&nbsp;obdob\u00ed kv\u011btnov\u00fdch sv\u00e1tk\u016f, p\u0159\u00edpadn\u011b na Velikonoce.&nbsp; Na\u0161\u00ed z\u00e1kladnou b\u00fdvala &hellip; Pokra\u010dovat ve \u010dten\u00ed \"Slovensko\"","og_url":"https:\/\/pustyzleb.cz\/?page_id=849","og_site_name":"ZO \u010cSS 6-25 PUST\u00dd \u017dLEB","article_publisher":"https:\/\/www.facebook.com\/pustyzleb","article_modified_time":"2022-04-10T10:10:36+00:00","og_image":[{"url":"https:\/\/pustyzleb.cz\/wp-content\/uploads\/2022\/04\/Stratenska.jpg"}],"twitter_card":"summary_large_image","twitter_misc":{"Odhadovan\u00e1 doba \u010dten\u00ed":"2 minuty"},"schema":{"@context":"https:\/\/schema.org","@graph":[{"@type":"WebPage","@id":"https:\/\/pustyzleb.cz\/?page_id=849","url":"https:\/\/pustyzleb.cz\/?page_id=849","name":"Slovensko - ZO \u010cSS 6-25 PUST\u00dd \u017dLEB","isPartOf":{"@id":"https:\/\/pustyzleb.cz\/#website"},"datePublished":"2022-04-08T08:36:57+00:00","dateModified":"2022-04-10T10:10:36+00:00","breadcrumb":{"@id":"https:\/\/pustyzleb.cz\/?page_id=849#breadcrumb"},"inLanguage":"cs","potentialAction":[{"@type":"ReadAction","target":["https:\/\/pustyzleb.cz\/?page_id=849"]}]},{"@type":"BreadcrumbList","@id":"https:\/\/pustyzleb.cz\/?page_id=849#breadcrumb","itemListElement":[{"@type":"ListItem","position":1,"name":"Dom\u016f","item":"https:\/\/pustyzleb.cz\/"},{"@type":"ListItem","position":2,"name":"Zahrani\u010dn\u00ed projekty","item":"https:\/\/pustyzleb.cz\/?page_id=111"},{"@type":"ListItem","position":3,"name":"Slovensko"}]},{"@type":"WebSite","@id":"https:\/\/pustyzleb.cz\/#website","url":"https:\/\/pustyzleb.cz\/","name":"ZO \u010cSS 6-25 PUST\u00dd \u017dLEB","description":"Pr\u016fzkum jeskyn\u00ed v Moravsk\u00e9m krasu i ve sv\u011bt\u011b","publisher":{"@id":"https:\/\/pustyzleb.cz\/#organization"},"potentialAction":[{"@type":"SearchAction","target":{"@type":"EntryPoint","urlTemplate":"https:\/\/pustyzleb.cz\/?s={search_term_string}"},"query-input":"required name=search_term_string"}],"inLanguage":"cs"},{"@type":"Organization","@id":"https:\/\/pustyzleb.cz\/#organization","name":"ZO \u010cSS 6-25 PUST\u00dd \u017dLEB","url":"https:\/\/pustyzleb.cz\/","logo":{"@type":"ImageObject","inLanguage":"cs","@id":"https:\/\/pustyzleb.cz\/#\/schema\/logo\/image\/","url":"https:\/\/pustyzleb.cz\/wp-content\/uploads\/2024\/05\/PZS_LOGO-1.png","contentUrl":"https:\/\/pustyzleb.cz\/wp-content\/uploads\/2024\/05\/PZS_LOGO-1.png","width":250,"height":250,"caption":"ZO \u010cSS 6-25 PUST\u00dd \u017dLEB"},"image":{"@id":"https:\/\/pustyzleb.cz\/#\/schema\/logo\/image\/"},"sameAs":["https:\/\/www.facebook.com\/pustyzleb"]}]}},"_links":{"self":[{"href":"https:\/\/pustyzleb.cz\/index.php?rest_route=\/wp\/v2\/pages\/849","targetHints":{"allow":["GET"]}}],"collection":[{"href":"https:\/\/pustyzleb.cz\/index.php?rest_route=\/wp\/v2\/pages"}],"about":[{"href":"https:\/\/pustyzleb.cz\/index.php?rest_route=\/wp\/v2\/types\/page"}],"author":[{"embeddable":true,"href":"https:\/\/pustyzleb.cz\/index.php?rest_route=\/wp\/v2\/users\/1"}],"replies":[{"embeddable":true,"href":"https:\/\/pustyzleb.cz\/index.php?rest_route=%2Fwp%2Fv2%2Fcomments&post=849"}],"version-history":[{"count":6,"href":"https:\/\/pustyzleb.cz\/index.php?rest_route=\/wp\/v2\/pages\/849\/revisions"}],"predecessor-version":[{"id":977,"href":"https:\/\/pustyzleb.cz\/index.php?rest_route=\/wp\/v2\/pages\/849\/revisions\/977"}],"up":[{"embeddable":true,"href":"https:\/\/pustyzleb.cz\/index.php?rest_route=\/wp\/v2\/pages\/111"}],"wp:attachment":[{"href":"https:\/\/pustyzleb.cz\/index.php?rest_route=%2Fwp%2Fv2%2Fmedia&parent=849"}],"curies":[{"name":"wp","href":"https:\/\/api.w.org\/{rel}","templated":true}]}}